2
1101111101101 (base 2) to base 10
7149
Convert 8d14bd (base 16) to base 6.
530101005
What is -101101001000111011 (base 2) in base 9?
-311554
What is -259114a (base 11) in base 9?
-8380603
What is 16aa2 (base 11) in base 3?
1012212000
Convert -385c2 (base 15) to base 16.
-2bfd6
Convert -1010233032 (base 4) to base 8.
-1045716
Convert 153046 (base 7) to base 13.
107a1
What is 497823 (base 10) in base 7?
4142244
Convert 8e80 (base 15) to base 13.
10a16
Convert 1572859 (base 10) to base 15.
211074
What is -1237651 (base 13) in base 7?
-66131044
Convert -2039491 (base 10) to base 11.
-1173333
-3739664 (base 10) to base 7
-43533545
Convert -35133 (base 7) to base 16.
-231f
What is -220200211021112 (base 3) in base 15?
-1243dce
-11231011331 (base 4) to base 13
-404885
112763 (base 9) to base 12
33210
Convert a536b (base 13) to base 15.
5d0cb
Convert 6cd48 (base 14) to base 5.
32003121
What is -146d5b (base 14) in base 15?
-e0821
Convert -455575 (base 8) to base 9.
-254828
2322112030 (base 4) to base 12
309864
Convert -1587640 (base 9) to base 15.
-127269
Convert -b217 (base 13) to base 8.
-57715
What is -3020343 (base 5) in base 2?
-1011110001011111
What is 13d977 (base 15) in base 5?
221113022
What is -81032 (base 10) in base 3?
-11010011012
Convert -ca8c7 (base 14) to base 13.
-14215a
What is -10011000010100001111011 (base 2) in base 13?
-1059a19
Convert 4c798 (base 16) to base 10.
313240
What is -68802 (base 13) in base 8?
-563530
3862 (base 15) to base 10
12017
4347353 (base 9) to base 10
2334549
What is -40c2 (base 15) in base 8?
-32562
307cd (base 16) to base 7
1455011
Convert 930708 (base 10) to base 13.
26781c
Convert -10274c (base 14) to base 7.
-4426125
What is -791ad (base 14) in base 4?
-1013301011
What is 2223212203 (base 4) in base 8?
2534643
What is -6687049 (base 10) in base 13?
-1501945
88077a (base 12) to base 11
1244087
What is -e66a (base 16) in base 14?
-176d4
What is -10182478 (base 9) in base 7?
-56422046
1011111010100110100101 (base 2) to base 6
150541113
2032210 (base 4) to base 7
35413
Convert -10001011111111010 (base 2) to base 14.
-1c198
Convert -188115 (base 9) to base 3.
-12222010112
-2460441 (base 7) to base 6
-10444153
10000111110011110 (base 2) to base 6
1253530
Convert -dd35 (base 14) to base 3.
-1221111022
436288 (base 14) to base 5
1041033040
10001101010101100011 (base 2) to base 5
122011130
-11011012100 (base 3) to base 8
-237600
What is -66c19a (base 15) in base 10?
-4900870
Convert -60395 (base 11) to base 4.
-111203321
What is -110201011 (base 5) in base 2?
-1110011111111111011
What is -4843211 (base 10) in base 5?
-2214440321
Convert 2313120 (base 4) to base 13.
545a
What is 14033121 (base 5) in base 13?
50082
223b02 (base 13) to base 12
32b828
What is 1005431350 (base 6) in base 2?
100111011101111101010010
What is 684310a (base 11) in base 5?
11031333322
What is 41353 (base 6) in base 3?
21121020
123223030 (base 4) to base 10
113356
Convert -104005421 (base 7) to base 15.
-833168
What is 304015311 (base 6) in base 14?
9a133d
Convert 3656563 (base 9) to base 13.
547101
101100100000001100000100 (base 2) to base 10
11666180
-c56b9 (base 13) to base 14
-9348b
Convert 56247 (base 10) to base 14.
166d9
Convert -1c1066 (base 14) to base 12.
-4037aa
What is -441752 (base 13) in base 6?
-54204355
Convert 3330102332 (base 4) to base 14.
1cc86a
What is 20166450 (base 8) in base 5?
2042130031
211985 (base 10) to base 12
a2815
What is 115213020 (base 6) in base 8?
10335044
Convert -5102868 (base 9) to base 5.
-1143442142
Convert 50a1b (base 16) to base 4.
1100220123
101111011001111100 (base 2) to base 16
2f67c
What is 659815 (base 10) in base 2?
10100001000101100111
Convert 48385 (base 13) to base 9.
221601
24600 (base 11) to base 14
cc3a
What is 20000010112121 (base 3) in base 13?
879700
Convert 55804 (base 14) to base 4.
302220030
What is -67806 (base 14) in base 13?
-8a4b1
Convert 325515512 (base 6) to base 3.
102001101211222
Convert 50893 (base 11) to base 8.
221043
Convert 55354 (base 6) to base 10.
7702
2400073 (base 10) to base 3
11111221021121
2101000001221 (base 3) to base 13
35152c
100110111100110001101100 (base 2) to base 12
3504978
Convert b658 (base 13) to base 2.
110001010100110
What is 165361 (base 9) in base 12?
4b29a
What is 218044 (base 9) in base 10?
130531
What is -20122201122 (base 3) in base 6?
-2450325
What is 101000001010001011110 (base 2) in base 16?
14145e
17427311 (base 9) to base 14
123d842
What is c1d1 (base 16) in base 11?
34307
Convert 183460 (base 9) to base 12.
56046
3104532 (base 6) to base 16
24548
Convert f4ad8 (base 16) to base 3.
1212220202112
Convert 2fe7d (base 16) to base 5.
22234341
Convert -22363152 (base 8) to base 12.
-175688a
-5838958 (base 12) to base 2
-1000000110101111001010100
3a19b18 (base 12) to base 11
653424a
c575 (base 13) to base 3
1101110022
Convert 14078 (base 14) to base 10.
49498
Convert -289071 (base 16) to base 2.
-1010001001000001110001
-18a698 (base 11) to base 7
-2325152
Convert -3287336 (base 12) to base 7.
-144613452
What is 4222052 (base 7) in base 10?
509735
-bb697b (base 13) to base 2
-10000110101011100001111
What is 12445535 (base 6) in base 10?
410819
Convert -2143340 (base 5) to base 14.
-d877
202514320 (base 6) to base 16
354f48
-11100100110101000 (base 2) to base 7
-665401
-29e3a8 (base 16) to base 9
-5143704
Convert 1000000100010101101 (base 2) to base 11.
170692
-301420040 (base 5) to base 7
-13132150
Convert -1375104 (base 10) to base 16.
-14fb80
What is 1100111100111010 (base 2) in base 11?
36948
-40775 (base 10) to base 2
-1001111101000111
What is -34725b (base 13) in base 10?
-1243916
-2687895 (base 11) to base 14
-889bc5
-14d48 (base 16) to base 7
-503514
What is 110011000101101001001 (base 2) in base 12?
688949
What is 1022431010 (base 6) in base 14?
160370a
5534403 (base 6) to base 16
43a43
Convert -101463 (base 15) to base 16.
-ba75f
-330386 (base 9) to base 5
-22302101
Convert -111000100110010001111 (base 2) to base 8.
-7046217
Convert -1510622 (base 7) to base 14.
-546b9
Convert -201112021202 (base 3) to base 4.
-1131312020
Convert 4132626 (base 7) to base 5.
111324411
What is -99dad (base 15) in base 2?
-1110111011010000000
23d90 (base 15) to base 12
56283
What is -5ddb3d (base 15) in base 12?
-1610b94
74b19c (base 15) to base 11
3155026
-340050 (base 10) to base 15
-6ab50
What is 4a15c3 (base 13) in base 5?
423231413
1a8053 (base 11) to base 4
1031223113
-7d4dd4 (base 14) to base 5
-2043343021
-2460b95 (base 13) to base 8
-53116011
What is -89a909 (base 15) in base 9?
-13317370
Convert 740306 (base 10) to base 8.
2645722
Convert 331443022 (base 5) to base 14.
295ad8
Convert 3109063 (base 11) to base 2.
10100111011110010100110
What is -4a8d51 (base 15) in base 5?
-1403330001
-131740 (base 16) to base 3
-2100120020101
What is -10525210 (base 9) in base 14?
-968b96
Convert -131022122 (base 4) to base 9.
-201762
Convert 43588 (base 11) to base 15.
13b23
What is -12121321322 (base 4) in base 8?
-6317172
What is 7ca40 (base 13) in base 16?
37ac1
What is -5143551 (base 7) in base 16?
-9661e
What is 46316 (base 10) in base 16?
b4ec
What is 3300552 (base 9) in base 14?
341a5c
-8cd84 (base 16) to base 13
-17277c
What is 11a58 (base 13) in base 15?
9981
111000001001101100 (base 2) to base 5
24324441
-1012503 (base 6) to base 14
-139b1
Convert -5d3aa8 (base 14) to base 12.
-10a3244
-78dbb (base 15) to base 6
-12123552
-412450 (base 12) to base 2
-11111001000011111100
What is -346585 (base 9) in base 11?
-132506
Convert -2432011034 (base 5) to base 16.
-5782e8
What is 17675333 (base 8) in base 13?
b2878b
What is 220001210000 (base 3) in base 14?
c48ac
What is -24477 (base 13) in base 12?
-32710
-200202100202 (base 3) to base 15
-74592
-243434241 (base 5) to base 13
-315c91
What is -b248d4 (base 14) in base 9?
-12263147
-1a4a311 (base 11) to base 8
-15132560
33451620 (base 8) to base 14
d62d7a
-21666335 (base 9) to base 4
-220002123020
Convert 22101120000220 (base 3) to base 2.
10001000000101100110101
What is -46616241 (base 7) in base 8?
-17522426
What is -e7023 (base 16) in base 7?
-11020430
What is 1900d13 (base 14) in base 4?
233030220211
Convert 3140224 (base 5) to base 7.
306151
Convert 34213114 (base 5) to base 13.
a859b
Convert 44444